{"id":287,"date":"2015-05-21T09:33:36","date_gmt":"2015-05-21T13:33:36","guid":{"rendered":"http:\/\/iamaw2468.ca\/?page_id=287"},"modified":"2021-04-14T12:06:32","modified_gmt":"2021-04-14T16:06:32","slug":"siemens-canada","status":"publish","type":"page","link":"http:\/\/iamaw2468.ca\/?page_id=287","title":{"rendered":"SEC-AGT"},"content":{"rendered":"<p>The Health and Safety of our workers should be the number one priority for any company.<\/p>\n<p>Daniele Delli Fraine, DAS Technologist, is the current H&amp;S Representative for LL2468 &#8211; Siemens Canada.<\/p>\n<p>Daniele can be reached at 514-828-3438 or daniel.dellifraine@siemens.com<\/p>\n<p>&nbsp;<\/p>\n<p>La sant\u00e9 et la s\u00e9curit\u00e9 de nos travailleurs devraient \u00eatre la priorit\u00e9 num\u00e9ro un de toute entreprise.<\/p>\n<p>Daniele Delli Fraine, technologue DAS, est le repr\u00e9sentant S&amp;S actuelle pour la SL2468 &#8211; Siemens Canada.<\/p>\n<p>Daniele est joignable au 514-828-3438 ou daniel.dellifraine@siemens.com<\/p>\n<p><a href=\"http:\/\/iamaw2468.ca\/wp-content\/uploads\/2015\/05\/Daniel_Dellifraine-e1432228137303.jpg\"><img loading=\"lazy\" decoding=\"async\" class=\"size-medium wp-image-299 alignleft\" src=\"http:\/\/iamaw2468.ca\/wp-content\/uploads\/2015\/05\/Daniel_Dellifraine-e1432228137303-240x300.jpg\" alt=\"\" width=\"240\" height=\"300\" srcset=\"http:\/\/iamaw2468.ca\/wp-content\/uploads\/2015\/05\/Daniel_Dellifraine-e1432228137303-240x300.jpg 240w, http:\/\/iamaw2468.ca\/wp-content\/uploads\/2015\/05\/Daniel_Dellifraine-e1432228137303-818x1024.jpg 818w, http:\/\/iamaw2468.ca\/wp-content\/uploads\/2015\/05\/Daniel_Dellifraine-e1432228137303-120x150.jpg 120w, http:\/\/iamaw2468.ca\/wp-content\/uploads\/2015\/05\/Daniel_Dellifraine-e1432228137303-400x501.jpg 400w, http:\/\/iamaw2468.ca\/wp-content\/uploads\/2015\/05\/Daniel_Dellifraine-e1432228137303.jpg 926w\" sizes=\"auto, (max-width: 240px) 100vw, 240px\" \/><\/a><\/p>\n","protected":false},"excerpt":{"rendered":"<p>The Health and Safety of our workers should be the number one priority for any company. Daniele Delli Fraine, DAS Technologist, is the current H&amp;S Representative for LL2468 &#8211; Siemens Canada. Daniele can be reached at 514-828-3438 or daniel.dellifraine@siemens.com &nbsp; La sant\u00e9 et la s\u00e9curit\u00e9 de nos travailleurs devraient \u00eatre la priorit\u00e9 num\u00e9ro un de toute entreprise. Daniele Delli Fraine,<\/p>\n","protected":false},"author":2,"featured_media":0,"parent":244,"menu_order":0,"comment_status":"closed","ping_status":"closed","template":"","meta":{"footnotes":""},"class_list":["post-287","page","type-page","status-publish","hentry"],"_links":{"self":[{"href":"http:\/\/iamaw2468.ca\/index.php?rest_route=\/wp\/v2\/pages\/287","targetHints":{"allow":["GET"]}}],"collection":[{"href":"http:\/\/iamaw2468.ca\/index.php?rest_route=\/wp\/v2\/pages"}],"about":[{"href":"http:\/\/iamaw2468.ca\/index.php?rest_route=\/wp\/v2\/types\/page"}],"author":[{"embeddable":true,"href":"http:\/\/iamaw2468.ca\/index.php?rest_route=\/wp\/v2\/users\/2"}],"replies":[{"embeddable":true,"href":"http:\/\/iamaw2468.ca\/index.php?rest_route=%2Fwp%2Fv2%2Fcomments&post=287"}],"version-history":[{"count":11,"href":"http:\/\/iamaw2468.ca\/index.php?rest_route=\/wp\/v2\/pages\/287\/revisions"}],"predecessor-version":[{"id":998,"href":"http:\/\/iamaw2468.ca\/index.php?rest_route=\/wp\/v2\/pages\/287\/revisions\/998"}],"up":[{"embeddable":true,"href":"http:\/\/iamaw2468.ca\/index.php?rest_route=\/wp\/v2\/pages\/244"}],"wp:attachment":[{"href":"http:\/\/iamaw2468.ca\/index.php?rest_route=%2Fwp%2Fv2%2Fmedia&parent=287"}],"curies":[{"name":"wp","href":"https:\/\/api.w.org\/{rel}","templated":true}]}}